 27*f**2 + 15*f. Let g be a(-18). Let h = g + 4. What is the units digit of h?
4
Let s(y) = -y**2 + 21*y - 45. Let i be s(15). What is the hundreds digit of (692/(-10))/((-18)/i)?
1
Let t be 0 - -1 - ((4 - -2) + -5). Let v be (2 - (t - -1))/(4/1868). Suppose -44 = -7*l + v. What is the units digit of l?
3
Suppose 3*s = -5*i + i + 2617, -2*s = -5*i - 1783. Let y = s + -483. What is the hundreds digit of y?
3
Let d(t) = 4*t**2 + 53*t - 145. What is the tens digit of d(34)?
8
Suppose -559144 - 609724 = -23*a - 84*a. What is the units digit of a?
4
Let r(c) be the third derivative of 2*c**4 + 15*c**3/2 - 45*c**2 - 1. What is the tens digit of r(4)?
3
Let y = 53 + -48. Suppose 7064 = 3*o - 4*h, y*o + 834 = h + 12630. What is the units digit of 1/4 - o/(-32)?
4
Suppose -2*s + 2*j = 628, 0*s = 3*s + 3*j + 936. Suppose 55*g = 23*g + 14624. Let h = g + s. What is the hundreds digit of h?
1
Suppose -10*g + 14*g + 3372 = 0. Let k = 2147 + g. What is the tens digit of k?
0
Suppose 8539 = 3*g - 2*b + 1808, 2*g - 5*b - 4502 = 0. What is the units digit of g?
1
Let m be -3*(4 + -5) + -4. Let f(z) = 47*z - 3. Let u be f(m). Let q = u - -72. What is the units digit of q?
2
Let c(r) = 8029*r**3 - r**2 + 5*r - 2. What is the units digit of c(1)?
1
Let b(m) = 1436*m + 1604. What is the ten thousands digit of b(22)?
3
Let w(j) = 40*j + 2491. What is the thousands digit of w(63)?
5
Let o = -112009 - -197157. What is the tens digit of o?
4
Suppose -207*j - 451720 = -253*j. What is the hundreds digit of j?
8
What is the units digit of (68028/(-9))/((-24)/36)?
8
Suppose -3*c = -5*c - 2*l - 208, -5*c - l = 540. Suppose 5*x - 5*y = 920, -4*x - 4*y + 377 + 367 = 0. Let u = x + c. What is the units digit of u?
6
Suppose 38*s = -58*s + 611712. What is the hundreds digit of s?
3
Suppose 0 = -3*m + 3, -5*x - m = 2*m + 2. Let h be 2 + x/(-2)*4. Suppose -64 = -h*i + 3*i. What is the tens digit of i?
6
Suppose -3*o - 6*o = -3*o. Suppose o = 23*l - 28*l + 4120. What is the tens digit of l?
2
Let t(b) = 2*b**3 - 30*b**2 + 43*b - 10. Let k be t(17). Suppose -6*g + 2995 + k = 0. What is the units digit of g?
2
Let i = -214 + 219. Suppose -3*z + 2*p = -350, p - i*p + 440 = 4*z. What is the units digit of z?
4
What is the hundreds digit of (-9788)/16*(3 - 51)?
3
What is the thousands digit of (1295/777)/(2/(-4962)*-1)?
4
Let f = 9994 + -6388. What is the hundreds digit of f?
6
Let b(z) = -z**2 + 3*z - 10. Let c be b(-4). Let t = 43 + c. Suppose -2*u = 0, t*u = -4*k + 2*u + 244. What is the units digit of k?
1
Let o be 106*1 + 0 + -1. Suppose 16*q - 843 - 1429 = 0. Let u = q + o. What is the units digit of u?
7
What is the thousands digit of (10600/300)/((-2)/(-321))?
5
Suppose 6*t = 9*t - 195. Let p = -167 + 141. Let m = t + p. What is the units digit of m?
9
Suppose -17*x = -4*x - 1261. Let m = x + -87. Let c = 47 - m. What is the tens digit of c?
3
Suppose 0 = c - 2*k - 43739, -218695 = -5*c + 52*k - 50*k. What is the hundreds digit of c?
7
Suppose 8*k - 3*k = 25. Suppose -o + 74 = i + i, -o + 53 = -k*i. Let h = -41 + o. What is the units digit of h?
7
Let r = 618 + -615. Suppose k - 33 = -3*l, -2*k + r*l = -20 - 91. What is the units digit of k?
8
Let i = 147 + -84. Suppose 1 + i = 2*j. What is the units digit of j?
2
Suppose -2*u = -z + 2340, -159 + 11903 = 5*z + u. Suppose z = 9*t - 5*t + 4*y, -y = -4*t + 2343. What is the units digit of t?
6
Let h = 1 - -8. Suppose m = h + 7. Suppose -m*u + 12*u = -96. What is the units digit of u?
4
Let j = 11 + -15. Let d = j + 5. Let s(y) = 21*y - 4. What is the tens digit of s(d)?
1
Let c be 6/(-2)*(7 - 6). Let g be -4*(242/4 + c). Let j = -135 - g. What is the units digit of j?
5
Let u(t) be the second derivative of t**4/6 + 2*t**3/3 - 10*t**2 - 15*t. Let j be u(-6). Suppose -30*v + 310 = -j*v. What is the units digit of v?
5
Let h(d) = -2*d**2 - 23*d - 25. Let g be h(-8). Let o be ((-20)/(-12))/((-10)/(-12)). Suppose -4*m = -o*i - 322, g = m + i - 57. What is the tens digit of m?
8
Suppose -468 = -4*v - 3*m, -3*v + 154 + 197 = -4*m. Let t = -185 - v. What is the units digit of 6/4*t/(-3)?
1
Let l(z) = -z**3 - 5*z**2 + 4*z + 6. Suppose -3*n - 195 = -168. What is the units digit of l(n)?
4
Suppose -9 = -g + 3. Suppose g*u + 479 = 13*u. Suppose 11*h - 302 = u. What is the tens digit of h?
7
Suppose 5*m + 0*m = -20. What is the units digit of (2 + m)/((-1)/(22 - 2))?
0
What is the hundreds digit of ((1 - -2) + (-252 - -244))*121564/(-10)?
7
Let k be -24 + 16 - (-2 - -1). Let x(i) = 6*i**2 - 52. What is the units digit of x(k)?
2
Let q(v) = -9*v + 19002 + 2*v**2 - 18952 - v. What is the tens digit of q(31)?
6
Suppose -60 = -5*u - 3945. Let k = -241 - u. What is the tens digit of k?
3
Let n(t) = t**3 - 9*t**2 - 12*t + 17. Suppose -4*c - 3*p + 31 = 0, 2*c + p + 4*p - 5 = 0. Let j be n(c). What is the units digit of 108 - (-2 + (-2)/6*j)?
9
Suppose -9 = -10*c + 11. Suppose -k + 508 = 4*w - 1093, 3*w = c*k + 1209. What is the tens digit of w?
0
Suppose 17*a + 30*a = 8*a + 600366. What is the hundreds digit of a?
3
What is the thousands digit of 10 + (20 - 16) - -30510?
0
Suppose 159*l = 3864900 + 1516296. What is the thousands digit of l?
3
Let d(n) = -12*n**2 - 23*n - 32. Let l(i) = -7*i**2 - 12*i - 16. Let b(a) = 4*d(a) - 7*l(a). What is the units digit of b(-4)?
2
Let i = -32 - 376. What is the tens digit of (-3)/(-8) - 436407/i?
7
Let v = 7729 - 1509. What is the hundreds digit of v?
2
Let j be (-969)/39 + -2 + (-4)/26. Let q(g) = -58*g - 81. What is the thousands digit of q(j)?
1
Suppose -8*t + 3*x = -5*t, -5*t = -x. Suppose -19*j + 12*j + 2443 = t. What is the hundreds digit of j?
3
Let v(u) = -u**3 + 6*u**2 - 10*u + 7. Let w(z) = 1. Let f(s) = -2. Let r(l) = -f(l) - 3*w(l). Let q(b) = 5*r(b) - v(b). What is the tens digit of q(5)?
1
Suppose -4*v + 5*g = -25, -2*v - 7 = -4*v - 3*g. Suppose -2*k = -3*f + 92, -v*f = k + 3*k + 228. What is the tens digit of (-3 - 0 - k - -4)/1?
5
Suppose 4*s + 217 = -5*u - 93, -s + 310 = -5*u. Let j = 240 - u. What is the hundreds digit of j?
3
Suppose 5*a + 26*a - 35*a = -11152. What is the hundreds digit of a?
7
Let x(f) = 245*f + 139. Let y be x(-5). Let p = y + 1655. What is the hundreds digit of p?
5
Suppose 17*h + 13*h + 270 = 0. Let x(b) = 9*b**2 + 12*b - 41. What is the units digit of x(h)?
0
Suppose -3*n + 3*n + 4*n = 41028. What is the thousands digit of n?
0
Let w = 41 - 35. Suppose w*c = -5*r + 4*c + 579, 4*r = -c + 465. Let v = 171 - r. What is the tens digit of v?
5
Suppose -4*h - 696 - 688 = 4*k, 0 = -3*h + 2*k - 1033. Let j = h - -569. What is the tens digit of j?
2
Suppose -26 = 5*f + 4*x - 1750, -1374 = -4*f + 2*x. Suppose 14*n = 6*n - f. Let a = 18 - n. What is the units digit of a?
1
Let b = 11683 - 3868. What is the thousands digit of b?
7
Let s(g) = g**3 - 7*g**2 + 10*g - 4. Let u be s(5). Let k be 2 - 755 - (u - (6 + -9)). Let d = -530 - k. What is the units digit of d?
2
Let h(p) = 291*p**2 + 1070*p - 14. What is the tens digit of h(6)?
8
Let j(d) = -13*d + 64. Let y be j(5). Let h(s) = -324*s + 3. What is the units digit of h(y)?
7
Let f(o) = 6*o - 16. Let z be f(-31). Let y = z - -513. What is the hundreds digit of y?
3
Let h(k) = k**3 - 14*k**2 + 24*k + 1. Let s be h(12). Let y be (0 - (-1)/(-1))*s. What is the tens digit of y - (55/(-5) - 1)?
1
Let b(i) be the second derivative of -i**5/60 + 7*i**4/24 + 11*i**3/6 - 11*i. Let s(r) be the second derivative of b(r). What is the units digit of s(0)?
7
Let q(o) = 21*o + 31. Let g = -76 - -73. Let p be 8/14*(g - (-60)/6). What is the tens digit of q(p)?
1
Suppose 0 = -y + 6*y + 15, -u + 2*y - 25 = 0. Let l = u + 35. Suppose -4*c - 4*z = -192, -l*c = -4*z - 141 - 59. What is the tens digit of c?
4
Suppose 6*b + 180 = -2*y + 11*b, 247 = -3*y - 4*b. Let k = y + 115. Suppose -q + 102 = k. What is the units digit of q?
2
Let q(s) = s**3 - 19*s**2 + 8. Let i be q(18). Let d = i + 778. What is the units digit of d?
2
Let g = 13301 - 424. What is the tens digit of g?
7
Let m(p) = p**3 + 2*p**2 + p + 212. Let c be m(0). Let x = c + 55. What is the units digit of x?
7
Let y(g) = -129*g + 8762. What is the units digit of y(7)?
9
Suppose 2*g - 3*g + 136 = 0. Suppose g = 6*x + 16. What is the tens digit of 418/4 + 30/x?
0
Suppose 0 = f - 38 - 21. 